{"id":45,"date":"2023-08-21T06:25:52","date_gmt":"2023-08-21T04:25:52","guid":{"rendered":"https:\/\/apewf.malo.wf\/?page_id=45"},"modified":"2024-07-02T01:36:30","modified_gmt":"2024-07-01T23:36:30","slug":"avant-de-partir-je-me-soucie-de-ma-sante-et-de-mon-porte-monnaie","status":"publish","type":"page","link":"https:\/\/apewf.malo.wf\/index.php\/avant-de-partir-je-me-soucie-de-ma-sante-et-de-mon-porte-monnaie\/","title":{"rendered":"Votre sant\u00e9, une de vos priorit\u00e9s"},"content":{"rendered":"\n<p><strong>Un peu de vocabulaire:<\/strong> La S\u00e9curit\u00e9 sociale est un service public prot\u00e9geant les Fran\u00e7ais contre les risques sociaux (accidents du travail ou la maladie). L\u2019Assurance Maladie, quant \u00e0 elle, est une branche de la S\u00e9curit\u00e9 sociale. Elle assure les individus confront\u00e9s \u00e0 un accident ou une maladie.<\/p>\n\n\n\n<p><strong>Avant de partir<\/strong>, vous devez vous soucier de votre sant\u00e9 (et de votre porte-monnaie!) car contrairement \u00e0 ici, si vous ne respectez pas certaines contraintes administratives, vous pouvez \u00eatre amen\u00e9 \u00e0 avoir des d\u00e9penses qui peuvent \u00eatre tr\u00e8s importantes.<\/p>\n\n\n\n<p>Quoi qu&rsquo;il en soit, sachant que le remboursement des soins de sant\u00e9 par la S\u00e9curit\u00e9 Sociale peut prendre plusieurs mois, surtout lors des premiers mois suivant votre arriv\u00e9e en France hexagonale, il est conseill\u00e9 de prendre quelques dispositions avant de partir:<\/p>\n\n\n\n<p>&#8211;<strong>V\u00e9rifier que vos vaccinations obligatoires sont \u00e0 jour <\/strong>(elles doivent \u00eatre \u00e0 jour pour int\u00e9grer les fili\u00e8res du secteur sant\u00e9 et un relev\u00e9 vous sera demand\u00e9)<\/p>\n\n\n\n<p>&#8211;<strong>Renouveler votre ordonnance<\/strong> et partez avec suffisamment de m\u00e9dicaments pour ceux qui ont une maladie chronique.<\/p>\n\n\n\n<p>&#8211;<strong>Faites une derni\u00e8re visite chez le dentiste<\/strong>, un rendez-vous dans de brefs d\u00e9lais est souvent difficile \u00e0 obtenir en France hexagonale.<\/p>\n\n\n\n<p>-Pour les jeunes filles (et les gar\u00e7ons aussi) <strong>prendre vos pr\u00e9cautions en mati\u00e8re de contraception<\/strong>. Demander un renouvellement de votre contraceptif avant de partir, un rendez-vous dans de brefs d\u00e9lais chez le gyn\u00e9cologue est souvent difficile \u00e0 obtenir en France hexagonale.<\/p>\n\n\n\n<p> <\/p>\n\n\n\n<p>-Pour les \u00e9tudiants de Wallis-et-Futuna,<strong> vos droits \u00e0 l\u2019Assurance Maladie d\u00e9butent apr\u00e8s avoir respect\u00e9 certaines obligations\u2026<\/strong> Il est donc <strong>vivement conseill\u00e9 de souscrire \u00e0 une assurance priv\u00e9e<\/strong> avant le d\u00e9but des \u00e9tudes (<strong>pour une semaine ou deux,<\/strong> lors de votre arriv\u00e9e, et jusqu\u2019\u00e0 votre rentr\u00e9e effective) \u2026<\/p>\n\n\n\n<p>Extrait d\u2019Ameli, site de l\u2019Assurance Maladie<\/p>\n\n\n\n<figure class=\"wp-block-image\"><img loading=\"lazy\" decoding=\"async\" width=\"488\" height=\"398\" src=\"https:\/\/apewf.malo.wf\/wp-content\/uploads\/2023\/09\/image.png\" alt=\"\" class=\"wp-image-52\" srcset=\"https:\/\/apewf.malo.wf\/wp-content\/uploads\/2023\/09\/image.png 488w, https:\/\/apewf.malo.wf\/wp-content\/uploads\/2023\/09\/image-300x245.png 300w\" sizes=\"auto, (max-width: 488px) 100vw, 488px\" \/><\/figure>\n\n\n\n<p>&#8211;<strong>D\u00e8s votre arriv\u00e9e,<\/strong> faites vos d\u00e9marches sur le site ameli<\/p>\n\n\n\n<p>Cette inscription&nbsp;<strong>est gratuite et obligatoire, elle vous permettra de b\u00e9n\u00e9ficier du remboursement de vos d\u00e9penses de sant\u00e9<\/strong>.<\/p>\n\n\n\n<p>Vous devez vous connecter \u00e0 ce site d\u00e9di\u00e9:&nbsp;<a href=\"https:\/\/etudiant-etranger.ameli.fr\/#\/\" data-type=\"link\" data-id=\"https:\/\/etudiant-etranger.ameli.fr\/#\/\" target=\"_blank\" rel=\"noreferrer noopener\">https:\/\/etudiant-etranger.ameli.fr\/#\/<\/a><\/p>\n\n\n\n<p>C\u2019est&nbsp;<strong>aussi le cas des \u00e9tudiants de nationalit\u00e9 fran\u00e7aise<\/strong>&nbsp;<strong>qui r\u00e9sident en Nouvelle-Cal\u00e9donie ou \u00e0 Saint-Pierre et Miquelo<\/strong>n! (Il n\u2019y a pas que nous!\u2026) Vous n\u2019avez jamais \u00e9t\u00e9 affili\u00e9 \u00e0 la S\u00e9curit\u00e9 Sociale fran\u00e7aise&nbsp;?<br><strong>Vous devez donc vous inscrire sur ce site.<\/strong>..<\/p>\n\n\n\n<p>Pour b\u00e9n\u00e9ficier d\u2019un remboursement optimal de vos frais de sant\u00e9,&nbsp;<strong>vous pouvez (devez) souscrire \u00e0 une compl\u00e9mentaire sant\u00e9 ou une mutuelle<\/strong> dont les modalit\u00e9s vous sont expliqu\u00e9es dans le site suivant <a href=\"https:\/\/www.etudiant.gouv.fr\/fr\/complementaire-sante-mutuelles-271\">https:\/\/<\/a><a href=\"https:\/\/www.etudiant.gouv.fr\/fr\/complementaire-sante-mutuelles-271\" target=\"_blank\" rel=\"noreferrer noopener\">www.etudiant.gouv.fr<\/a><a href=\"https:\/\/www.etudiant.gouv.fr\/fr\/complementaire-sante-mutuelles-271\">\/fr\/<\/a><a href=\"https:\/\/www.etudiant.gouv.fr\/fr\/complementaire-sante-mutuelles-271\" target=\"_blank\" rel=\"noreferrer noopener\">complementaire<\/a><a href=\"https:\/\/www.etudiant.gouv.fr\/fr\/complementaire-sante-mutuelles-271\">-sante-mutuelles-271<\/a><\/p>\n\n\n\n<p>Regardez bien et faites les d\u00e9marches \u00e9ventuelles&#8230; Vous pouvez peut-\u00eatre effectuer une demande de <strong>Compl\u00e9mentaire sant\u00e9 solidaire<\/strong> \u00e0 titre individuel et <strong>obtenir une prise en charge sur crit\u00e8res sociaux<\/strong>.<\/p>\n\n\n\n<p>Les compagnies d&rsquo;assurances, mais aussi les banques proposent leurs services, bien \u00e9videmment payant! <\/p>\n\n\n\n<p>Pour un remboursement optimal de vos frais de sant\u00e9, une compl\u00e9mentaire sant\u00e9 est conseill\u00e9e! Dans le cas o\u00f9 vous ne souscrivez pas \u00e0 une compl\u00e9mentaire sant\u00e9, les&nbsp;<em>restes \u00e0 charge<\/em>&nbsp;des assur\u00e9s, apr\u00e8s remboursements de l&rsquo;assurance maladie obligatoire, repr\u00e9sentent pr\u00e8s d&rsquo;un quart des d\u00e9penses de&nbsp;<em>sant\u00e9 <\/em>(Haut Conseil de la sant\u00e9 publique).<\/p>\n","protected":false},"excerpt":{"rendered":"<p>Un peu de vocabulaire: La S\u00e9curit\u00e9 sociale est un service public prot\u00e9geant les Fran\u00e7ais contre les risques sociaux (accidents du travail ou la maladie). L\u2019Assurance Maladie, quant \u00e0 elle, est une branche de la S\u00e9curit\u00e9 sociale. Elle assure les individus confront\u00e9s \u00e0 un accident ou une maladie. Avant de partir, vous devez vous soucier de&hellip; <a class=\"more-link\" href=\"https:\/\/apewf.malo.wf\/index.php\/avant-de-partir-je-me-soucie-de-ma-sante-et-de-mon-porte-monnaie\/\">Poursuivre la lecture <span class=\"screen-reader-text\">Votre sant\u00e9, une de vos priorit\u00e9s<\/span><\/a><\/p>\n","protected":false},"author":1,"featured_media":0,"parent":0,"menu_order":0,"comment_status":"closed","ping_status":"closed","template":"","meta":{"footnotes":""},"class_list":["post-45","page","type-page","status-publish","hentry","entry"],"_links":{"self":[{"href":"https:\/\/apewf.malo.wf\/index.php\/wp-json\/wp\/v2\/pages\/45","targetHints":{"allow":["GET"]}}],"collection":[{"href":"https:\/\/apewf.malo.wf\/index.php\/wp-json\/wp\/v2\/pages"}],"about":[{"href":"https:\/\/apewf.malo.wf\/index.php\/wp-json\/wp\/v2\/types\/page"}],"author":[{"embeddable":true,"href":"https:\/\/apewf.malo.wf\/index.php\/wp-json\/wp\/v2\/users\/1"}],"replies":[{"embeddable":true,"href":"https:\/\/apewf.malo.wf\/index.php\/wp-json\/wp\/v2\/comments?post=45"}],"version-history":[{"count":7,"href":"https:\/\/apewf.malo.wf\/index.php\/wp-json\/wp\/v2\/pages\/45\/revisions"}],"predecessor-version":[{"id":589,"href":"https:\/\/apewf.malo.wf\/index.php\/wp-json\/wp\/v2\/pages\/45\/revisions\/589"}],"wp:attachment":[{"href":"https:\/\/apewf.malo.wf\/index.php\/wp-json\/wp\/v2\/media?parent=45"}],"curies":[{"name":"wp","href":"https:\/\/api.w.org\/{rel}","templated":true}]}}