{"id":413,"date":"2023-09-29T05:01:26","date_gmt":"2023-09-29T03:01:26","guid":{"rendered":"https:\/\/apewf.malo.wf\/?page_id=413"},"modified":"2023-11-14T21:01:12","modified_gmt":"2023-11-14T20:01:12","slug":"la-cafat-comme-assurance-maladie","status":"publish","type":"page","link":"https:\/\/apewf.malo.wf\/index.php\/la-cafat-comme-assurance-maladie\/","title":{"rendered":"La CAFAT comme assurance maladie"},"content":{"rendered":"\n<p>Voici toutes les explications sur ce lien: <a rel=\"noreferrer noopener\" href=\"https:\/\/www.cafat.nc\/assurance-etudiants-de-la-cafat\/\" data-type=\"link\" data-id=\"https:\/\/www.cafat.nc\/assurance-etudiants-de-la-cafat\/\" target=\"_blank\">https:\/\/www.cafat.nc\/assurance-etudiants-de-la-cafat\/<\/a><\/p>\n\n\n\n<p><strong>Extrait d\u2019acte de naissance<\/strong><\/p>\n\n\n\n<p>Avant de partir, il vous est conseill\u00e9 de retirer aupr\u00e8s des services de la Circonscription un Extrait d\u2019acte de naissance qui vous sera demand\u00e9 en Nouvelle-Cal\u00e9donie pour votre d\u00e9marche de prise en charge de vos frais de sant\u00e9.<\/p>\n","protected":false},"excerpt":{"rendered":"<p>Voici toutes les explications sur ce lien: https:\/\/www.cafat.nc\/assurance-etudiants-de-la-cafat\/ Extrait d\u2019acte de naissance Avant de partir, il vous est conseill\u00e9 de retirer aupr\u00e8s des services de la Circonscription un Extrait d\u2019acte de naissance qui vous sera demand\u00e9 en Nouvelle-Cal\u00e9donie pour votre d\u00e9marche de prise en charge de vos frais de sant\u00e9.<\/p>\n","protected":false},"author":1,"featured_media":0,"parent":0,"menu_order":0,"comment_status":"closed","ping_status":"closed","template":"","meta":{"footnotes":""},"class_list":["post-413","page","type-page","status-publish","hentry","entry"],"_links":{"self":[{"href":"https:\/\/apewf.malo.wf\/index.php\/wp-json\/wp\/v2\/pages\/413","targetHints":{"allow":["GET"]}}],"collection":[{"href":"https:\/\/apewf.malo.wf\/index.php\/wp-json\/wp\/v2\/pages"}],"about":[{"href":"https:\/\/apewf.malo.wf\/index.php\/wp-json\/wp\/v2\/types\/page"}],"author":[{"embeddable":true,"href":"https:\/\/apewf.malo.wf\/index.php\/wp-json\/wp\/v2\/users\/1"}],"replies":[{"embeddable":true,"href":"https:\/\/apewf.malo.wf\/index.php\/wp-json\/wp\/v2\/comments?post=413"}],"version-history":[{"count":4,"href":"https:\/\/apewf.malo.wf\/index.php\/wp-json\/wp\/v2\/pages\/413\/revisions"}],"predecessor-version":[{"id":564,"href":"https:\/\/apewf.malo.wf\/index.php\/wp-json\/wp\/v2\/pages\/413\/revisions\/564"}],"wp:attachment":[{"href":"https:\/\/apewf.malo.wf\/index.php\/wp-json\/wp\/v2\/media?parent=413"}],"curies":[{"name":"wp","href":"https:\/\/api.w.org\/{rel}","templated":true}]}}